te z(15).
1254
Let m(i) = i**2 - 3284*i + 281242. What is m(88)?
-6
Let u(a) = 20*a**2 - 583*a + 3086. What is u(7)?
-15
Let z(h) = 2*h - 651. What is z(320)?
-11
Let m(z) = 3*z**2 - 211*z + 2060. Determine m(20).
-960
Let c(g) = -16709*g - 253270. Calculate c(-15).
-2635
Let c(z) = -6450*z + 316051. Calculate c(49).
1
Let s(q) = -1038*q + 20668. What is s(20)?
-92
Let b(a) = 10351*a - 662481. What is b(64)?
-17
Let j(y) = -37853*y - 29071106. What is j(-768)?
-2
Let z(i) = -43*i**2 + 246*i - 173. Determine z(5).
-18
Let m(t) = 3*t**3 - 352*t**2 - 10162*t + 329. Determine m(-24).
-7
Let a(r) = -r**3 + 59*r**2 + 151*r - 1768. What is a(61)?
1
Let v(y) = -638*y + 27022. Calculate v(43).
-412
Let h(f) = -7*f**3 + 1579*f**2 + 647*f + 7012. What is h(226)?
6
Let i(w) = w**3 - 6*w**2 + 4*w - 278. Give i(-13).
-3541
Let h(l) = 5*l**2 + 49*l - 11519. Give h(-53).
-71
Let u(w) = -32*w**2 - 84*w - 767. Determine u(-11).
-3715
Let t(k) = 9*k**2 + 765*k - 743. Determine t(-86).
31
Let t(z) = 43*z**3 + 96*z**2 + 6*z + 1. Give t(-1).
48
Let j(m) = 234*m**2 - 124*m - 363. What is j(-3)?
2115
Let x(b) = -4836*b + 9185. Give x(2).
-487
Let d(n) = -581*n - 2607. What is d(-4)?
-283
Let x(v) = 3*v**2 - 11*v - 1202. Calculate x(-18).
-32
Let r(l) = -3349*l - 10444. What is r(-3)?
-397
Let c(n) = n**2 - 170*n - 15129. What is c(-64)?
-153
Let s(z) = 2*z**3 + 277*z**2 - 479*z - 8040. Calculate s(-140).
220
Let r(x) = 9646*x**2 - 86818*x + 43. Determine r(9).
7
Let u(n) = -2*n**2 + 23*n - 144. Give u(15).
-249
Let r(k) = -k**3 + 112*k**2 + 7133*k - 804068. Calculate r(111).
16
Let f(h) = 13*h**3 + 779*h**2 - 63495*h - 117. Give f(-106).
-11
Let c(t) = -t**3 - 14*t**2 - 3*t + 216. Give c(-13).
86
Let i(k) = 104*k - 65. Give i(-10).
-1105
Let z(y) = 62*y**2 + 5891*y + 75. Calculate z(-95).
-20
Let i(j) = -161*j + 3577. Give i(19).
518
Let f(l) = -2*l**2 - 298*l - 1156. Determine f(-144).
284
Let k(i) = 8*i**3 - 127*i**2 + 507*i - 11. Give k(8).
13
Let i(g) = -34*g**2 - 9722*g + 547. What is i(-286)?
-25
Let h(j) = -j**2 + 759*j + 50030. Calculate h(-61).
10
Let s(x) = -7636*x + 8323249. Calculate s(1090).
9
Let p(a) = a**3 - 412*a**2 - 24*a + 9875. Give p(412).
-13
Let q(j) = j**3 - 108*j**2 + 2485*j - 406. Give q(33).
-76
Let r(m) = 8*m**2 - 1261*m + 11816. Calculate r(10).
6
Let d(a) = a**3 + 114*a**2 + 778*a + 774. Give d(-6).
-6
Let k(y) = -5431*y + 581109. Calculate k(107).
-8
Let y(j) = -22*j**2 + 4846*j + 3702. Calculate y(221).
166
Let a(q) = 2076*q + 39333. Determine a(-19).
-111
Let t(z) = -8*z**3 - 123*z**2 + 232*z + 2434. What is t(-16)?
2
Let g(m) = -44533*m - 712534. Determine g(-16).
-6
Let q(r) = -r**2 - 1086*r - 62547. What is q(-61)?
-22
Let c(y) = 5*y**3 + 1106*y**2 - 762*y + 27951. Determine c(-222).
-21
Let g(y) = 10*y**3 + 7*y**2 - 1602*y - 3196. Give g(-2).
-44
Let c(r) = -4*r**2 + 82*r + 693. What is c(-10)?
-527
Let a(h) = -5*h**2 - 5629*h - 22475. Give a(-4).
-39
Let z(u) = -8*u**3 + 51*u**2 - 74*u + 56. Determine z(5).
-39
Let s(h) = h**2 - 28150*h + 2329560. Give s(83).
-1
Let f(g) = -9060*g - 144960. Calculate f(-16).
0
Let m(t) = -4*t**2 - 567*t + 38335. Determine m(50).
-15
Let h(a) = 32510*a - 1495475. What is h(46)?
-15
Let k(u) = u**2 - 2890*u - 11571. What is k(-4)?
5
Let a(k) = -2*k**3 - 517*k**2 - 21010*k - 413. Calculate a(-208).
3
Let h(r) = -158*r - 48166. What is h(-306)?
182
Let y(t) = -t**3 - 41*t**2 + 551*t - 411. What is y(-52)?
681
Let y(n) = 4*n**2 - 42620*n - 5041292. Give y(-117).
4
Let t(h) = 2528*h**3 - h**2 - 45*h - 45. Calculate t(-1).
-2529
Let t(u) = -101*u**2 + 18977*u + 1878. Calculate t(188).
-190
Let t(u) = -13*u**3 + 123*u**2 - 60*u + 86. Calculate t(9).
32
Let m(a) = a**3 - 86*a**2 + 157*a - 37738. What is m(89)?
-2
Let p(d) = -5*d**3 + 2*d**2 + 100*d - 386. Calculate p(7).
-1303
Let y(z) = z**3 - 62*z**2 + 860*z + 88. Give y(41).
47
Let k(v) = v**3 + 89*v**2 + 261*v + 127. Calculate k(-86).
-131
Let y(d) = -9*d**3 - 361*d - 362. What is y(-1)?
8
Let x(y) = 195453*y - 5472697. Give x(28).
-13
Let w(p) = -13813*p - 980738. Calculate w(-71).
-15
Let w(c) = -35*c**3 - 386*c**2 + 422*c + 4518. Give w(-11).
-245
Let d(u) = 17*u**3 + 3*u**2 + 17*u - 31. Calculate d(3).
506
Let a(d) = -676*d + 8640. Determine a(15).
-1500
Let f(x) = -69*x**3 + 34*x**2 + 190*x + 179. Determine f(-3).
1778
Let n(q) = -8093*q - 566531. Calculate n(-70).
-21
Let x(p) = -p**3 + 347*p**2 - 4659*p + 70. Determine x(14).
112
Let t(n) = 4*n**2 + 18*n + 56. Determine t(-8).
168
Let x(c) = 28*c**2 + 8399*c + 57141. What is x(-293)?
6
Let s(g) = -105*g + 6622. Give s(65).
-203
Let n(d) = 9*d**2 + 602*d + 853. Determine n(-68).
1533
Let i(q) = q**3 + 2232*q**2 - 35987*q + 309. Give i(16).
5
Let n(d) = 3*d**3 + 23*d**2 - 134*d - 1245. Give n(-10).
-605
Let n(j) = -j**3 - 68*j**2 - 197*j + 267. Determine n(-65).
397
Let g(u) = 13401*u + 107216. Determine g(-8).
8
Let m(h) = -1791*h + 12747. Give m(7).
210
Let v(k) = -4*k**2 - 598*k + 10588. Calculate v(18).
-1472
Let a(k) = -206776*k - 3101629. Give a(-15).
11
Let z(u) = 2713*u + 5432. What is z(-2)?
6
Let y(f) = -4*f**2 - 1151*f - 8683. Calculate y(-280).
-3
Let x(i) = 5*i**3 - 101*i**2 + 28*i + 1642. Give x(19).
8
Let n(q) = 3511*q - 540744. Calculate n(154).
-50
Let f(h) = -h**3 + 89*h**2 - 81*h - 3586. What is f(88)?
-2970
Let w(z) = -2*z**2 - 52379*z - 104757. Calculate w(-2).
-7
Let w(r) = 134947*r - 3778512. Give w(28).
4
Let k(s) = s**3 - 69*s**2 + 353*s + 591. Give k(63).
-984
Let m(x) = 11369*x - 886780. Determine m(78).
2
Let z(i) = i**3 - 79*i**2 + 401*i + 2744. Give z(73).
43
Let v(s) = -29*s**3 + 27*s**2 + 4*s - 10. Determine v(2).
-126
Let u(y) = -7*y**3 - 58*y**2 + 74*y + 430. Give u(-9).
169
Let a(n) = 16*n**2 - 2335*n + 79982. Give a(91).
-7
Let b(g) = g**2 - 36468*g + 1056745. Determine b(29).
14
Let v(m) = -261008*m - 3132130. Calculate v(-12).
-34
Let d(a) = 11*a**2 - 218. Calculate d(13).
1641
Let w(r) = -55*r**2 - 182*r - 152. Calculate w(-1).
-25
Let w(c) = 8*c**2 - 96*c - 34. Give w(14).
190
Let p(t) = 1138*t + 24920. What is p(-22)?
-116
Let j(x) = -237*x + 2568. Give j(7).
909
Let a(t) = 22*t**3 + 5038*t**2 - 2. Calculate a(-229).
-2
Let i(z) = 203*z - 190. What is i(2)?
216
Let h(p) = 2*p**3 - 29*p**2 - 1781*p + 26488. What is h(15)?
-2
Let z(l) = -21*l**2 + 487*l - 2416. Calculate z(16).
0
Let w(v) = -12*v - 1304. Give w(-109).
4
Let t(p) = -5*p**2 - 845*p + 7713. What is t(9)?
-297
Let c(v) = -10*v**3 - 4*v**2 + 271*v + 804. Determine c(-3).
225
Let b(m) = 3*m**2 + 125*m - 236987. What is b(261)?
1
Let o(a) = -10*a**3 + 2459*a**2 - 7044*a - 745. Determine o(243).
-16
Let l(r) = -20*r**2 + 26*r - 509. Calculate l(8).
-1581
Let k(p) = -p**2 + 30*p + 230. Determine k(33).
131
Let u(k) = 27*k**2 + 1086*k + 466. Give u(-40).
226
Let d(r) = 31118*r - 435650. Determine d(14).
2
Let l(x) = -17*x**2 - 506*x + 76. Calculate l(-30).
-44
Let w(i) = -44834*i - 33849680. What is w(-755)?
-10
Let n(i) = -i**3 - 190*i**2 + 1004*i + 5654. Determine n(-195).
-1
Let y(z) = z**3 - 21*z**2 + 43*z - 74. What is y(16)?
-666
Let q(h) = -21822*h + 1963963. Calculate q(90).
-17
Let h(a) = -1909*a + 3065847. Determine h(1606).
-7
Let d(w) = 7*w**2 + 274*w - 1697. Determine d(6).
199
Let z(n) = -n**3 - 443*n**2 + 7337*n - 3209. Calculate z(-459).
4
Let z(r) = -r**3 + 44*r**2 + 502*r - 28650. Calculate z(34).
-22
Let c(w) = 37*w**3 - 9*w**2 - 13*w - 2. Calculate c(-1).
-35
Let v(l) = -3342172*l - 33421718. Determine v(-10).
2
Let m(q) = 5*q - 213. Calculate m(-20).
-313
Let x(y) = -1696*y - 334107. Calculate x(-197).
5
Let y(f) = 810*f**2 + 8083*f - 174. Calculate y(-10).
-4
Let p(v) = -v**2 + 825800*v - 9083682. Determine p(11).
-3
Let m(z) = 28*z**2 - 267*z - 17. Give m(-3).
1036
Let m(b) = -b**2 + 13992*b - 683212. Determine m(49).
-5
Let w(c) = -c**3 + 134*c**2 - 743*c - 18498. Calculate w(127).
44
Let r(n) = 6*n**2 - 191*n - 11770. Calculate r(63).
11
Let k(w) = -71*w - 572. Calculate k(-8).
-4
Let p(u) = -2*u**3 - 7*u**2 - 2690*u + 13904. Give p(5).
29
Let w(b) = b**3 - 15*b**2 + 2788*b - 47965. Give w(17).
9
Let a(w) = -13*w**2 - 227*w - 116. Calculate a(-14).
514
Let z(x) = -4*x**3 + 257*x**2 + 4978*x + 4945. Give z(80).
-15
Let o(l) = 151*l**3 - 7237*l**2 - 524*l - 194. What is o(4